e 38*u = 204061 - 13149. Calculate the highest common factor of u and 471.
157
Let v be (0 - -1) + 5 + 5. Let q(m) = -159*m + 31877. Let o be q(200). What is the greatest common divisor of o and v?
11
Suppose -5*b - 37 = -3*j, 9*b = 12*b - 3. Calculate the greatest common divisor of 7168 and j.
14
Let k(h) = h**3 + 10*h**2 + 35*h + 66. Let c be k(-5). Let l be 144*(11/(-4) - -2). Let m = l - -220. Calculate the highest common divisor of c and m.
16
Let k = -90 + 88. Let j be (3/(-1))/(k/18). Let d = j - -7. Calculate the greatest common factor of d and 85.
17
Let l(s) = -3*s - 13. Let f be l(-9). Suppose 0 = 4*n - 66 + f. Let c = -3419 + 3432. What is the greatest common divisor of c and n?
13
Let p = 3056 - 2803. What is the highest common factor of 345 and p?
23
Let w = -4 - -19. Let u(v) = 474*v + 2292. Let b be u(-3). Calculate the greatest common divisor of w and b.
15
Let i(k) = -5*k**2 + 576*k - 126. Let v be i(106). What is the greatest common factor of v and 100?
50
Suppose -38*o - 4*s = -40*o + 252, 0 = 2*o - s - 261. Calculate the greatest common divisor of 3264 and o.
12
Let c = 43644 - 43636. Calculate the greatest common divisor of c and 11944.
8
Let z be (6/(-4))/((-21)/(-196)). Let b(g) = -13*g - 164. Let t be b(z). What is the greatest common divisor of t and 153?
9
Let w = 1394 - 1386. Let z(i) = 2*i**2 - i + 4. Let n be z(4). Suppose 2*d = m - 4*m + n, 5*m + 4*d = 56. What is the greatest common factor of m and w?
8
Let p = -19688 + 19732. What is the highest common divisor of p and 44?
44
Let z(c) = -c**2 - 6*c + 5. Let m be z(-7). Let w = 5 - m. Let l = w + -3. Calculate the greatest common divisor of l and 20.
4
Suppose -4*s = -3*v + 1078, -22*s - 1715 = -5*v - 27*s. Calculate the greatest common factor of v and 100.
50
Let w(f) = 276*f - 1729. Let s be w(22). What is the greatest common divisor of 473 and s?
43
Suppose 11*w - 16 = 6. Let n(j) = -2*j**3 + 7*j**3 - 9*j**3 + 3*j**3 - 17*j + 10*j**w. Let o be n(7). Calculate the highest common factor of o and 14.
14
Let c be 7722/10 + -4 + 3*(-3)/45. Calculate the highest common factor of 88 and c.
8
Suppose -122*h + 94*h + 1792 = 0. Calculate the greatest common factor of 13536 and h.
32
Suppose -648 + 518 = -2*r. Suppose 5*s - 40 = -4*v, -s - 4*s + v = -r. Calculate the greatest common factor of 36 and s.
12
Suppose 1844*v - 1900*v = -1904. What is the greatest common factor of v and 1207?
17
Suppose 0 = 3*b - 15, 5 = 2*g - 4*b + 3. Let o(t) = 210*t + 5095. Let l be o(-24). What is the greatest common divisor of l and g?
11
Let f be (0 - (12 - 9))*(-2445)/5. What is the highest common factor of 99 and f?
9
Let m = 3897 - 3676. What is the highest common factor of m and 559?
13
Suppose -3531 - 429 = -22*h. Let b = 72 - -86. Let x = -86 + b. Calculate the highest common divisor of x and h.
36
Suppose -16 = -4*n, -4*n + 109 = 3*s - 159. Suppose 0 = 95*p - s*p - 66. Suppose d = 4*d - 18. Calculate the highest common factor of p and d.
6
Let n = 1 - -4. Suppose w - 10 - 13 = -4*i, -n*w + 2*i = -5. Suppose 5*t - 3*x = 55, 3*t - 12 = -3*x - w. Calculate the highest common factor of t and 16.
8
Let d(m) = -25*m**2 + 696*m + 29. Let f be d(26). Calculate the greatest common factor of f and 75.
25
Let t(z) = 3*z**2 + 140*z - 308. Let a be t(-49). What is the highest common factor of 2660 and a?
35
Let t = -913 - -1913. Calculate the highest common divisor of 240 and t.
40
Let c = -1814 - -1815. What is the greatest common factor of 45 and c?
1
Let t = -7 - -15. Let f be (-12)/t*4/(-3). Let g be 8 - (-6)/(-2 - 0). What is the highest common divisor of f and g?
1
Let m be ((-2)/4)/(255/(-217770)). What is the greatest common factor of m and 175?
7
Let b be 1 + 2706 + (-188)/(-1034) + (-13)/11. What is the highest common divisor of b and 858?
66
Let v(j) = 9*j**2 + 98*j + 4. Let d be v(-11). What is the greatest common factor of d and 285?
15
Let n(b) = -b**3 + 180*b**2 - 249*b + 806. Let o be n(178). What is the highest common factor of 42 and o?
14
Suppose -119*o - 375*o - 95952 = -682824. What is the highest common factor of 16 and o?
4
Let a be (8/12)/((-2)/(-15)). Let g = -567 - -568. Calculate the highest common factor of g and a.
1
Let f(z) = -z**3 - z**2 + 4*z + 6. Let x be f(-3). Let w = x + -51. Let r be 1*9*(-13)/w. What is the highest common factor of 33 and r?
3
Let j(g) = 82*g - 805. Let c be j(10). Calculate the highest common divisor of 3435 and c.
15
Let r(t) = 2704*t - 6706. Let i be r(3). What is the greatest common divisor of 418 and i?
38
Let u be (-1097447)/(-1633) - 1/23. What is the highest common divisor of u and 378?
42
Let s(u) = -u - 71. Let r be s(-12). Let f be 102/(-153) + (r/(-3) - -2). What is the highest common divisor of f and 3?
3
Suppose 849*j - 904083 + 138021 = 192*j. What is the greatest common factor of 594 and j?
22
Suppose 0 = 14*m - 10*m + 20. Let r be (-1)/m + 2071/95. Let d(g) = -g**2 + 13*g - 14. Let s be d(9). Calculate the highest common divisor of r and s.
22
Suppose -5*p = 5*a - 250, -a + 91 + 151 = 5*p. What is the highest common factor of 240 and p?
48
Let k be (-1832979)/(-105) - (-8 + (-1668)/(-210)). What is the greatest common factor of 33 and k?
33
Let k(v) = -v**2 - 9*v - 16. Let b(a) = 2*a - 43. Let p be b(18). Let d be k(p). Let q be 30/(2 - 0) - d. What is the greatest common factor of 119 and q?
17
Suppose -51 = 3*m - 54. Let b be 181 + (5 + -4)*m. What is the greatest common factor of b and 130?
26
Suppose 75*n = 82*n - 14. Let j be 33 + 11 + (2 + 0)/n. What is the highest common divisor of j and 20?
5
Let u = 62 - 34. Suppose 0 = 2*y - 3 - 1. Let b(x) = 31*x**3 + 2*x**2 - x - 2. Let z be b(y). Calculate the greatest common factor of z and u.
28
Let u(r) = -191*r - 1772. Let s be u(-18). What is the greatest common divisor of s and 14?
14
Suppose -1687*n + 1712*n = 2700. Calculate the greatest common factor of n and 5292.
108
Suppose -2*o - 13*r = -358, -4*r = -53*o + 54*o - 184. What is the greatest common divisor of 4632 and o?
24
Suppose 22*r = 122*r - 700. What is the highest common factor of r and 47?
1
Let w = -13691 + 13719. What is the greatest common divisor of w and 5509?
7
Suppose -r - 2*r + 3*y = 0, 0 = -2*r + y + 5. Suppose r*n + 90 = 10*n. Let z be 945/n*8/5. What is the greatest common factor of 42 and z?
42
Suppose 13*l - 86*l + 86870 = 0. Calculate the highest common divisor of 210 and l.
70
Let u be 48/4*(-2)/(-4). Let x(i) = 177 + 185 - i - 48*i**2 - i - i**3 - 404. Let t be x(-48). Calculate the highest common factor of u and t.
6
Let z = -4070 + 9290. Calculate the highest common factor of z and 180.
180
Suppose -4*s = k - 455, -4*s = 2*k - 859 - 47. What is the greatest common factor of 22 and k?
11
Let v be -12 - -5 - -4 - (-124 - 0). Suppose 5*m - 205 = -5*z, 4*m - 208 = -31*z + 26*z. Calculate the greatest common factor of z and v.
11
Let x(b) = -14*b + 129. Let f(j) = -16*j + 129. Let g(u) = -5*f(u) + 6*x(u). Let l be g(19). Calculate the highest common factor of l and 583.
53
Let v(n) = n**3 - 11*n**2 + 48*n - 172. Let b be v(8). Calculate the greatest common factor of b and 320.
20
Let l be 14/21 - (-403)/93. What is the greatest common divisor of l and 2745?
5
Let j(o) = o + 1. Let t(w) = -3*w + 1. Let y(z) = 2*j(z) - t(z). Let m be y(2). Let n = -17409 + 17420. Calculate the greatest common factor of n and m.
11
Suppose n - 3561 + 1315 - 14122 = 0. Calculate the greatest common factor of n and 124.
124
Let o(w) = w + 3. Let x(a) be the second derivative of 2*a**3/3 + 9*a**2 + 13*a. Let r be x(-4). Let y be o(r). What is the highest common divisor of 55 and y?
5
Suppose -32979 = 35*j - 50304. Suppose -3*d + 0 = -12. Suppose j = -d*n + 9*n. What is the greatest common divisor of 66 and n?
33
Let s(j) = j**3 + 17*j**2 - 174*j - 118. Let q be s(-24). Let z = 9 - 5. Suppose -z*p = -173 - 35. What is the highest common factor of p and q?
26
Let q(r) = r**2 + 29*r + 176. Let l be q(-20). Let t be (-14 - -56)*(-2)/l. What is the highest common factor of 196 and t?
7
Let w be 46 + (-4)/(-4) + 1. Let i = -369 + 379. Suppose i = 6*o - 206. Calculate the greatest common factor of o and w.
12
Suppose -2327 = -40*x - 589 + 342. Calculate the highest common factor of 793 and x.
13
Let b(w) = -7*w - 18. 